{"id":1859,"date":"2025-05-06T12:31:34","date_gmt":"2025-05-06T11:31:34","guid":{"rendered":"https:\/\/www.immomotion.ch\/responsive\/?page_id=1859"},"modified":"2025-05-06T12:44:42","modified_gmt":"2025-05-06T11:44:42","slug":"stephane-monney","status":"publish","type":"page","link":"https:\/\/www.immomotion.ch\/responsive\/stephane-monney\/","title":{"rendered":"St\u00e9phane Monney"},"content":{"rendered":"\t\t<div data-elementor-type=\"wp-page\" data-elementor-id=\"1859\" class=\"elementor elementor-1859\" data-elementor-post-type=\"page\">\n\t\t\t\t\t\t<section class=\"elementor-section elementor-top-section elementor-element elementor-element-6b81bca elementor-section-boxed elementor-section-height-default elementor-section-height-default\" data-id=\"6b81bca\" data-element_type=\"section\" data-e-type=\"section\" data-settings=\"{&quot;background_background&quot;:&quot;classic&quot;}\">\n\t\t\t\t\t\t<div class=\"elementor-container elementor-column-gap-default\">\n\t\t\t\t\t<div class=\"elementor-column elementor-col-100 elementor-top-column elementor-element elementor-element-32015c5\" data-id=\"32015c5\" data-element_type=\"column\" data-e-type=\"column\">\n\t\t\t<div class=\"elementor-widget-wrap elementor-element-populated\">\n\t\t\t\t\t\t<div class=\"elementor-element elementor-element-abf303e elementor-widget elementor-widget-spacer\" data-id=\"abf303e\" data-element_type=\"widget\" data-e-type=\"widget\" data-settings=\"{&quot;motion_fx_motion_fx_scrolling&quot;:&quot;yes&quot;,&quot;motion_fx_translateX_effect&quot;:&quot;yes&quot;,&quot;motion_fx_translateX_speed&quot;:{&quot;unit&quot;:&quot;px&quot;,&quot;size&quot;:10,&quot;sizes&quot;:[]},&quot;motion_fx_translateX_affectedRange&quot;:{&quot;unit&quot;:&quot;%&quot;,&quot;size&quot;:&quot;&quot;,&quot;sizes&quot;:{&quot;start&quot;:0,&quot;end&quot;:100}},&quot;motion_fx_devices&quot;:[&quot;desktop&quot;,&quot;tablet&quot;,&quot;mobile&quot;]}\" data-widget_type=\"spacer.default\">\n\t\t\t\t<div class=\"elementor-widget-container\">\n\t\t\t\t\t\t\t<div class=\"elementor-spacer\">\n\t\t\t<div class=\"elementor-spacer-inner\"><\/div>\n\t\t<\/div>\n\t\t\t\t\t\t<\/div>\n\t\t\t\t<\/div>\n\t\t\t\t<section class=\"elementor-section elementor-inner-section elementor-element elementor-element-f9dde45 elementor-section-boxed elementor-section-height-default elementor-section-height-default elementor-invisible\" data-id=\"f9dde45\" data-element_type=\"section\" data-e-type=\"section\" data-settings=\"{&quot;background_background&quot;:&quot;classic&quot;,&quot;animation&quot;:&quot;slideInRight&quot;}\">\n\t\t\t\t\t\t<div class=\"elementor-container elementor-column-gap-default\">\n\t\t\t\t\t<div class=\"elementor-column elementor-col-50 elementor-inner-column elementor-element elementor-element-5811ee7\" data-id=\"5811ee7\" data-element_type=\"column\" data-e-type=\"column\">\n\t\t\t<div class=\"elementor-widget-wrap elementor-element-populated\">\n\t\t\t\t\t\t<div class=\"elementor-element elementor-element-f518256 animated-slow elementor-invisible elementor-widget elementor-widget-image\" data-id=\"f518256\" data-element_type=\"widget\" data-e-type=\"widget\" data-settings=\"{&quot;_animation&quot;:&quot;fadeIn&quot;,&quot;_animation_delay&quot;:1000}\" data-widget_type=\"image.default\">\n\t\t\t\t<div class=\"elementor-widget-container\">\n\t\t\t\t\t\t\t\t\t\t\t\t\t\t\t<img fetchpriority=\"high\" decoding=\"async\" width=\"800\" height=\"800\" src=\"https:\/\/www.immomotion.ch\/responsive\/wp-content\/uploads\/2025\/05\/stephane-monney-1024x1024.png\" class=\"attachment-large size-large wp-image-1856\" alt=\"\" srcset=\"https:\/\/www.immomotion.ch\/responsive\/wp-content\/uploads\/2025\/05\/stephane-monney-1024x1024.png 1024w, https:\/\/www.immomotion.ch\/responsive\/wp-content\/uploads\/2025\/05\/stephane-monney-300x300.png 300w, https:\/\/www.immomotion.ch\/responsive\/wp-content\/uploads\/2025\/05\/stephane-monney-150x150.png 150w, https:\/\/www.immomotion.ch\/responsive\/wp-content\/uploads\/2025\/05\/stephane-monney-768x768.png 768w, https:\/\/www.immomotion.ch\/responsive\/wp-content\/uploads\/2025\/05\/stephane-monney-1536x1536.png 1536w, https:\/\/www.immomotion.ch\/responsive\/wp-content\/uploads\/2025\/05\/stephane-monney-2048x2048.png 2048w\" sizes=\"(max-width: 800px) 100vw, 800px\" \/>\t\t\t\t\t\t\t\t\t\t\t\t\t\t\t<\/div>\n\t\t\t\t<\/div>\n\t\t\t\t\t<\/div>\n\t\t<\/div>\n\t\t\t\t<div class=\"elementor-column elementor-col-50 elementor-inner-column elementor-element elementor-element-ec05f8b\" data-id=\"ec05f8b\" data-element_type=\"column\" data-e-type=\"column\">\n\t\t\t<div class=\"elementor-widget-wrap elementor-element-populated\">\n\t\t\t\t\t\t<div class=\"elementor-element elementor-element-27a2908 elementor-invisible elementor-widget elementor-widget-text-editor\" data-id=\"27a2908\" data-element_type=\"widget\" data-e-type=\"widget\" data-settings=\"{&quot;_animation&quot;:&quot;slideInDown&quot;}\" data-widget_type=\"text-editor.default\">\n\t\t\t\t<div class=\"elementor-widget-container\">\n\t\t\t\t\t\t\t\t\t<p>Au b\u00e9n\u00e9fice de plus de 25 ans de pratique dans la gestion de<br \/>projet de construction en tant que chef de projet en direction de<br \/>travaux et \u00e9tudes de faisabilit\u00e9 pour tout type de biens, j\u2019adapte<br \/>mon offre aux besoins du march\u00e9. Fort de cette expertise, je<br \/>mets aujourd\u2019hui mes comp\u00e9tences au service de la gestion<br \/>immobili\u00e8re, en accompagnant propri\u00e9taires, acqu\u00e9reurs et<br \/>investisseurs dans l\u2019optimisation de leur patrimoine.<br \/><br \/>Ma double casquette, \u00e0 la fois technique et manag\u00e9riale, me<br \/>permet d\u2019appr\u00e9hender les d\u00e9fis immobiliers sous tous leurs<br \/>angles : de la r\u00e9novation et la valorisation des biens \u00e0 la gestion<br \/>locative, en passant par l\u2019audit et le conseil strat\u00e9gique.<br \/>Rigoureux, orient\u00e9 solutions et \u00e0 l\u2019\u00e9coute des attentes clients, je<br \/>m\u2019engage \u00e0 offrir un service sur mesure, alliant performance<br \/>\u00e9conomique et s\u00e9curit\u00e9 juridique.<br \/><br \/>Mon approche professionnelle : transparente, dynamique et<br \/>centr\u00e9e sur la cr\u00e9ation de valeur durable. N\u2019h\u00e9sitez pas \u00e0 me<br \/>contacter pour \u00e9changer sur vos projets.<\/p>\t\t\t\t\t\t\t\t<\/div>\n\t\t\t\t<\/div>\n\t\t\t\t<div class=\"elementor-element elementor-element-5f6b5de animated-slow elementor-invisible elementor-widget elementor-widget-image\" data-id=\"5f6b5de\" data-element_type=\"widget\" data-e-type=\"widget\" data-settings=\"{&quot;_animation&quot;:&quot;fadeIn&quot;,&quot;_animation_delay&quot;:1500}\" data-widget_type=\"image.default\">\n\t\t\t\t<div class=\"elementor-widget-container\">\n\t\t\t\t\t\t\t\t\t\t\t\t\t\t\t<img decoding=\"async\" width=\"800\" height=\"105\" src=\"https:\/\/www.immomotion.ch\/responsive\/wp-content\/uploads\/2025\/05\/logos-moons-1024x134.png\" class=\"attachment-large size-large wp-image-1865\" alt=\"\" srcset=\"https:\/\/www.immomotion.ch\/responsive\/wp-content\/uploads\/2025\/05\/logos-moons-1024x134.png 1024w, https:\/\/www.immomotion.ch\/responsive\/wp-content\/uploads\/2025\/05\/logos-moons-300x39.png 300w, https:\/\/www.immomotion.ch\/responsive\/wp-content\/uploads\/2025\/05\/logos-moons-768x101.png 768w, https:\/\/www.immomotion.ch\/responsive\/wp-content\/uploads\/2025\/05\/logos-moons.png 1082w\" sizes=\"(max-width: 800px) 100vw, 800px\" \/>\t\t\t\t\t\t\t\t\t\t\t\t\t\t\t<\/div>\n\t\t\t\t<\/div>\n\t\t\t\t\t<\/div>\n\t\t<\/div>\n\t\t\t\t\t<\/div>\n\t\t<\/section>\n\t\t\t\t<div class=\"elementor-element elementor-element-4a0cc94 elementor-widget elementor-widget-spacer\" data-id=\"4a0cc94\" data-element_type=\"widget\" data-e-type=\"widget\" data-widget_type=\"spacer.default\">\n\t\t\t\t<div class=\"elementor-widget-container\">\n\t\t\t\t\t\t\t<div class=\"elementor-spacer\">\n\t\t\t<div class=\"elementor-spacer-inner\"><\/div>\n\t\t<\/div>\n\t\t\t\t\t\t<\/div>\n\t\t\t\t<\/div>\n\t\t\t\t\t<\/div>\n\t\t<\/div>\n\t\t\t\t\t<\/div>\n\t\t<\/section>\n\t\t\t\t<\/div>\n\t\t","protected":false},"excerpt":{"rendered":"<p>Au b\u00e9n\u00e9fice de plus de 25 ans de pratique dans la gestion deprojet de construction en tant que chef de projet en direction detravaux et \u00e9tudes de faisabilit\u00e9 pour tout type de biens, j\u2019adaptemon offre aux besoins du march\u00e9. Fort de cette expertise, jemets aujourd\u2019hui mes comp\u00e9tences au service de la gestionimmobili\u00e8re, en accompagnant propri\u00e9taires, [&hellip;]<\/p>\n","protected":false},"author":1,"featured_media":0,"parent":0,"menu_order":0,"comment_status":"closed","ping_status":"closed","template":"elementor_header_footer","meta":{"footnotes":""},"class_list":["post-1859","page","type-page","status-publish","hentry"],"_links":{"self":[{"href":"https:\/\/www.immomotion.ch\/responsive\/wp-json\/wp\/v2\/pages\/1859","targetHints":{"allow":["GET"]}}],"collection":[{"href":"https:\/\/www.immomotion.ch\/responsive\/wp-json\/wp\/v2\/pages"}],"about":[{"href":"https:\/\/www.immomotion.ch\/responsive\/wp-json\/wp\/v2\/types\/page"}],"author":[{"embeddable":true,"href":"https:\/\/www.immomotion.ch\/responsive\/wp-json\/wp\/v2\/users\/1"}],"replies":[{"embeddable":true,"href":"https:\/\/www.immomotion.ch\/responsive\/wp-json\/wp\/v2\/comments?post=1859"}],"version-history":[{"count":17,"href":"https:\/\/www.immomotion.ch\/responsive\/wp-json\/wp\/v2\/pages\/1859\/revisions"}],"predecessor-version":[{"id":1884,"href":"https:\/\/www.immomotion.ch\/responsive\/wp-json\/wp\/v2\/pages\/1859\/revisions\/1884"}],"wp:attachment":[{"href":"https:\/\/www.immomotion.ch\/responsive\/wp-json\/wp\/v2\/media?parent=1859"}],"curies":[{"name":"wp","href":"https:\/\/api.w.org\/{rel}","templated":true}]}}

Stéphane Monney

<div data-elementor-type="wp-page" data-elementor-id="1859" class="elementor elementor-1859" data-elementor-post-type="page">
						<section class="elementor-section elementor-top-section elementor-element elementor-element-6b81bca elementor-section-boxed elementor-section-height-default elementor-section-height-default" data-id="6b81bca" data-element_type="section" data-e-type="section" data-settings="{&quot;background_background&quot;:&quot;classic&quot;}">
						<div class="elementor-container elementor-column-gap-default">
					<div class="elementor-column elementor-col-100 elementor-top-column elementor-element elementor-element-32015c5" data-id="32015c5" data-element_type="column" data-e-type="column">
			<div class="elementor-widget-wrap elementor-element-populated">
						<div class="elementor-element elementor-element-abf303e elementor-widget elementor-widget-spacer" data-id="abf303e" data-element_type="widget" data-e-type="widget" data-settings="{&quot;motion_fx_motion_fx_scrolling&quot;:&quot;yes&quot;,&quot;motion_fx_translateX_effect&quot;:&quot;yes&quot;,&quot;motion_fx_translateX_speed&quot;:{&quot;unit&quot;:&quot;px&quot;,&quot;size&quot;:10,&quot;sizes&quot;:[]},&quot;motion_fx_translateX_affectedRange&quot;:{&quot;unit&quot;:&quot;%&quot;,&quot;size&quot;:&quot;&quot;,&quot;sizes&quot;:{&quot;start&quot;:0,&quot;end&quot;:100}},&quot;motion_fx_devices&quot;:[&quot;desktop&quot;,&quot;tablet&quot;,&quot;mobile&quot;]}" data-widget_type="spacer.default">
				<div class="elementor-widget-container">
							<div class="elementor-spacer">
			<div class="elementor-spacer-inner"></div>
		</div>
						</div>
				</div>
				<section class="elementor-section elementor-inner-section elementor-element elementor-element-f9dde45 elementor-section-boxed elementor-section-height-default elementor-section-height-default elementor-invisible" data-id="f9dde45" data-element_type="section" data-e-type="section" data-settings="{&quot;background_background&quot;:&quot;classic&quot;,&quot;animation&quot;:&quot;slideInRight&quot;}">
						<div class="elementor-container elementor-column-gap-default">
					<div class="elementor-column elementor-col-50 elementor-inner-column elementor-element elementor-element-5811ee7" data-id="5811ee7" data-element_type="column" data-e-type="column">
			<div class="elementor-widget-wrap elementor-element-populated">
						<div class="elementor-element elementor-element-f518256 animated-slow elementor-invisible elementor-widget elementor-widget-image" data-id="f518256" data-element_type="widget" data-e-type="widget" data-settings="{&quot;_animation&quot;:&quot;fadeIn&quot;,&quot;_animation_delay&quot;:1000}" data-widget_type="image.default">
				<div class="elementor-widget-container">
															<img fetchpriority="high" decoding="async" width="800" height="800" src="https://www.immomotion.ch/responsive/wp-content/uploads/2025/05/stephane-monney-1024x1024.png" class="attachment-large size-large wp-image-1856" alt="" srcset="https://www.immomotion.ch/responsive/wp-content/uploads/2025/05/stephane-monney-1024x1024.png 1024w, https://www.immomotion.ch/responsive/wp-content/uploads/2025/05/stephane-monney-300x300.png 300w, https://www.immomotion.ch/responsive/wp-content/uploads/2025/05/stephane-monney-150x150.png 150w, https://www.immomotion.ch/responsive/wp-content/uploads/2025/05/stephane-monney-768x768.png 768w, https://www.immomotion.ch/responsive/wp-content/uploads/2025/05/stephane-monney-1536x1536.png 1536w, https://www.immomotion.ch/responsive/wp-content/uploads/2025/05/stephane-monney-2048x2048.png 2048w" sizes="(max-width: 800px) 100vw, 800px" />															</div>
				</div>
					</div>
		</div>
				<div class="elementor-column elementor-col-50 elementor-inner-column elementor-element elementor-element-ec05f8b" data-id="ec05f8b" data-element_type="column" data-e-type="column">
			<div class="elementor-widget-wrap elementor-element-populated">
						<div class="elementor-element elementor-element-27a2908 elementor-invisible elementor-widget elementor-widget-text-editor" data-id="27a2908" data-element_type="widget" data-e-type="widget" data-settings="{&quot;_animation&quot;:&quot;slideInDown&quot;}" data-widget_type="text-editor.default">
				<div class="elementor-widget-container">
									<p>Au bénéfice de plus de 25 ans de pratique dans la gestion de<br />projet de construction en tant que chef de projet en direction de<br />travaux et études de faisabilité pour tout type de biens, j’adapte<br />mon offre aux besoins du marché. Fort de cette expertise, je<br />mets aujourd’hui mes compétences au service de la gestion<br />immobilière, en accompagnant propriétaires, acquéreurs et<br />investisseurs dans l’optimisation de leur patrimoine.<br /><br />Ma double casquette, à la fois technique et managériale, me<br />permet d’appréhender les défis immobiliers sous tous leurs<br />angles : de la rénovation et la valorisation des biens à la gestion<br />locative, en passant par l’audit et le conseil stratégique.<br />Rigoureux, orienté solutions et à l’écoute des attentes clients, je<br />m’engage à offrir un service sur mesure, alliant performance<br />économique et sécurité juridique.<br /><br />Mon approche professionnelle : transparente, dynamique et<br />centrée sur la création de valeur durable. N’hésitez pas à me<br />contacter pour échanger sur vos projets.</p>								</div>
				</div>
				<div class="elementor-element elementor-element-5f6b5de animated-slow elementor-invisible elementor-widget elementor-widget-image" data-id="5f6b5de" data-element_type="widget" data-e-type="widget" data-settings="{&quot;_animation&quot;:&quot;fadeIn&quot;,&quot;_animation_delay&quot;:1500}" data-widget_type="image.default">
				<div class="elementor-widget-container">
															<img decoding="async" width="800" height="105" src="https://www.immomotion.ch/responsive/wp-content/uploads/2025/05/logos-moons-1024x134.png" class="attachment-large size-large wp-image-1865" alt="" srcset="https://www.immomotion.ch/responsive/wp-content/uploads/2025/05/logos-moons-1024x134.png 1024w, https://www.immomotion.ch/responsive/wp-content/uploads/2025/05/logos-moons-300x39.png 300w, https://www.immomotion.ch/responsive/wp-content/uploads/2025/05/logos-moons-768x101.png 768w, https://www.immomotion.ch/responsive/wp-content/uploads/2025/05/logos-moons.png 1082w" sizes="(max-width: 800px) 100vw, 800px" />															</div>
				</div>
					</div>
		</div>
					</div>
		</section>
				<div class="elementor-element elementor-element-4a0cc94 elementor-widget elementor-widget-spacer" data-id="4a0cc94" data-element_type="widget" data-e-type="widget" data-widget_type="spacer.default">
				<div class="elementor-widget-container">
							<div class="elementor-spacer">
			<div class="elementor-spacer-inner"></div>
		</div>
						</div>
				</div>
					</div>
		</div>
					</div>
		</section>
				</div>

<p>Au bénéfice de plus de 25 ans de pratique dans la gestion deprojet de construction en tant que chef de projet en direction detravaux et études de faisabilité pour tout type de biens, j’adaptemon offre aux besoins du marché. Fort de cette expertise, jemets aujourd’hui mes compétences au service de la gestionimmobilière, en accompagnant propriétaires, [&hellip;]</p>
